{"id":1051,"date":"2025-04-17T13:46:48","date_gmt":"2025-04-17T11:46:48","guid":{"rendered":"http:\/\/localhost\/psk\/wordpress\/?page_id=1051"},"modified":"2025-10-16T20:49:34","modified_gmt":"2025-10-16T18:49:34","slug":"wuertt-meisterschaften","status":"publish","type":"page","link":"https:\/\/psk-stuttgart-esslingen.de\/psk_wp\/wuertt-meisterschaften\/","title":{"rendered":"W\u00fcrtt. Meisterschaften"},"content":{"rendered":"<p>[et_pb_section fb_built=&#8220;1&#8243; _builder_version=&#8220;4.27.4&#8243; _module_preset=&#8220;default&#8220; global_colors_info=&#8220;{}&#8220;][et_pb_row column_structure=&#8220;1_4,3_4&#8243; _builder_version=&#8220;4.27.4&#8243; _module_preset=&#8220;default&#8220; min_height=&#8220;528.4px&#8220; custom_padding=&#8220;||4px|||&#8220; global_colors_info=&#8220;{}&#8220;][et_pb_column type=&#8220;1_4&#8243; _builder_version=&#8220;4.27.4&#8243; _module_preset=&#8220;default&#8220; global_colors_info=&#8220;{}&#8220;][et_pb_sidebar _builder_version=&#8220;4.27.4&#8243; _module_preset=&#8220;default&#8220; hover_enabled=&#8220;0&#8243; global_colors_info=&#8220;{}&#8220; disabled_on=&#8220;on|on|off&#8220; sticky_enabled=&#8220;0&#8243;][\/et_pb_sidebar][\/et_pb_column][et_pb_column type=&#8220;3_4&#8243; _builder_version=&#8220;4.27.4&#8243; _module_preset=&#8220;default&#8220; global_colors_info=&#8220;{}&#8220;][et_pb_text _builder_version=&#8220;4.27.4&#8243; _module_preset=&#8220;default&#8220; global_colors_info=&#8220;{}&#8220;]<\/p>\n<h2 class=\"uk-article-title\" style=\"text-align: left;\">W\u00fcrttembergische Meisterschaften<\/h2>\n<h3 style=\"text-align: left;\">\u00dcberregionale Turniere<\/h3>\n<div class=\"csc-textpic csc-textpic-center csc-textpic-below\">\n<div class=\"csc-textpic-text\">\n<h5 style=\"text-align: left;\"><\/h5>\n<h5 style=\"text-align: left;\">W\u00fcrttembergische Mannschaftsmeisterschaft<\/h5>\n<p style=\"text-align: left;\">Zum Abschluss der Saison finden Anfang Oktober die W\u00fcrttembergischen Mannschaftsmeisterschaften statt. Ziel dieses Mannschaftsvergleichswettkampfes ist, den Mannschaftsgedanken unter den Reitern zu f\u00f6rdern und den erfolgreichsten Pferdesportkreis zu ermitteln. Geritten wird in den Disziplinen Dressur und Springen in den Klassen L**, M*, M**. Die Mannschaft wird \u00fcber den PSK genannt.<\/p>\n<p style=\"text-align: left;\"><strong>\u00dcberblick:\u00a0<\/strong><\/p>\n<p style=\"text-align: left;\"><strong><\/strong><\/p>\n<ul>\n<li style=\"text-align: left;\"><a href=\"https:\/\/psk-stuttgart-esslingen.de\/psk_wp\/wp-content\/uploads\/2025\/10\/WPSV_Springen-nach-3-Wertungspruefungen_NEU2025.pdf\" rel=\"attachment wp-att-2886\">WPSV_Springenwertung 2025<\/a><\/li>\n<li style=\"text-align: left;\"><a href=\"https:\/\/psk-stuttgart-esslingen.de\/psk_wp\/wp-content\/uploads\/2025\/10\/WPSV_Dressur-nach-3-Wertungspruefungen_Neu2025.pdf\" rel=\"attachment wp-att-2887\">WPSV_Dressurwertung 2025<\/a><\/li>\n<li style=\"text-align: left;\"><a href=\"https:\/\/psk-stuttgart-esslingen.de\/psk_wp\/wp-content\/uploads\/2025\/10\/WPSV_Mannschaft_Dressur-und-Springen-Endstand2025.pdf\" rel=\"attachment wp-att-2888\">WPSV_Gesamtwertung 2025<\/a><\/li>\n<\/ul>\n<p><strong><\/strong><\/p>\n<ul>\n<li style=\"text-align: left;\"><a href=\"https:\/\/psk-stuttgart-esslingen.de\/psk\/index.php?option=com_content&amp;view=article&amp;id=56:ergebnisse-ulm&amp;catid=42:ergebnisse&amp;Itemid=263\" target=\"_self\" class=\"internal-link\" title=\"Opens internal link in current window\">Ergebnisse W\u00fcrttembergische Mannschaftsmeisterschaft bis 2024<\/a> <span style=\"color: #e02b20;\">&#8211; Link old HP kl\u00e4ren\u00a0<\/span><\/li>\n<\/ul>\n<ul>\n<li style=\"text-align: left;\"><a href=\"http:\/\/www.reitverein-weilheim.de\/\">Link zum gastgebenden Verein: RFV Weilheim<\/a><\/li>\n<\/ul>\n<\/div>\n<\/div>\n<p>[\/et_pb_text][\/et_pb_column][\/et_pb_row][et_pb_row column_structure=&#8220;1_2,1_2&#8243; _builder_version=&#8220;4.27.4&#8243; _module_preset=&#8220;default&#8220; custom_padding=&#8220;0px|||||&#8220; global_colors_info=&#8220;{}&#8220;][et_pb_column type=&#8220;1_2&#8243; _builder_version=&#8220;4.27.4&#8243; _module_preset=&#8220;default&#8220; global_colors_info=&#8220;{}&#8220;][et_pb_image src=&#8220;https:\/\/psk-stuttgart-esslingen.de\/psk_wp\/wp-content\/uploads\/2017\/12\/MannschaftULM2005.jpg&#8220; alt=&#8220;Mannschaft Ulm 2005&#8243; title_text=&#8220;Mannschaft Ulm 2005&#8243; _builder_version=&#8220;4.27.4&#8243; _module_preset=&#8220;default&#8220; global_colors_info=&#8220;{}&#8220;][\/et_pb_image][\/et_pb_column][et_pb_column type=&#8220;1_2&#8243; _builder_version=&#8220;4.27.4&#8243; _module_preset=&#8220;default&#8220; global_colors_info=&#8220;{}&#8220;][et_pb_image src=&#8220;https:\/\/psk-stuttgart-esslingen.de\/psk_wp\/wp-content\/uploads\/2017\/12\/tripple_1.jpg&#8220; alt=&#8220;Triple 2013&#8243; title_text=&#8220;Triple 2013&#8243; _builder_version=&#8220;4.27.4&#8243; _module_preset=&#8220;default&#8220; global_colors_info=&#8220;{}&#8220;][\/et_pb_image][\/et_pb_column][\/et_pb_row][\/et_pb_section]<\/p>\n","protected":false},"excerpt":{"rendered":"<p>W\u00fcrttembergische Meisterschaften \u00dcberregionale Turniere W\u00fcrttembergische Mannschaftsmeisterschaft Zum Abschluss der Saison finden Anfang Oktober die W\u00fcrttembergischen Mannschaftsmeisterschaften statt. Ziel dieses Mannschaftsvergleichswettkampfes ist, den Mannschaftsgedanken unter den Reitern zu f\u00f6rdern und den erfolgreichsten Pferdesportkreis zu ermitteln. Geritten wird in den Disziplinen Dressur und Springen in den Klassen L**, M*, M**. Die Mannschaft wird \u00fcber den PSK genannt. [&hellip;]<\/p>\n","protected":false},"author":1,"featured_media":0,"parent":0,"menu_order":0,"comment_status":"closed","ping_status":"closed","template":"","meta":{"_et_pb_use_builder":"on","_et_pb_old_content":"","_et_gb_content_width":"","_mc_calendar":[],"footnotes":""},"class_list":["post-1051","page","type-page","status-publish","hentry"],"_links":{"self":[{"href":"https:\/\/psk-stuttgart-esslingen.de\/psk_wp\/wp-json\/wp\/v2\/pages\/1051","targetHints":{"allow":["GET"]}}],"collection":[{"href":"https:\/\/psk-stuttgart-esslingen.de\/psk_wp\/wp-json\/wp\/v2\/pages"}],"about":[{"href":"https:\/\/psk-stuttgart-esslingen.de\/psk_wp\/wp-json\/wp\/v2\/types\/page"}],"author":[{"embeddable":true,"href":"https:\/\/psk-stuttgart-esslingen.de\/psk_wp\/wp-json\/wp\/v2\/users\/1"}],"replies":[{"embeddable":true,"href":"https:\/\/psk-stuttgart-esslingen.de\/psk_wp\/wp-json\/wp\/v2\/comments?post=1051"}],"version-history":[{"count":10,"href":"https:\/\/psk-stuttgart-esslingen.de\/psk_wp\/wp-json\/wp\/v2\/pages\/1051\/revisions"}],"predecessor-version":[{"id":3466,"href":"https:\/\/psk-stuttgart-esslingen.de\/psk_wp\/wp-json\/wp\/v2\/pages\/1051\/revisions\/3466"}],"wp:attachment":[{"href":"https:\/\/psk-stuttgart-esslingen.de\/psk_wp\/wp-json\/wp\/v2\/media?parent=1051"}],"curies":[{"name":"wp","href":"https:\/\/api.w.org\/{rel}","templated":true}]}}