{"id":2467,"date":"2025-09-26T05:38:37","date_gmt":"2025-09-26T03:38:37","guid":{"rendered":"https:\/\/psk-stuttgart-esslingen.de\/psk_wp\/?page_id=2467"},"modified":"2025-12-07T09:23:24","modified_gmt":"2025-12-07T08:23:24","slug":"jugend","status":"publish","type":"page","link":"https:\/\/psk-stuttgart-esslingen.de\/psk_wp\/jugend\/","title":{"rendered":"Jugend"},"content":{"rendered":"<p>[et_pb_section fb_built=&#8220;1&#8243; _builder_version=&#8220;4.27.4&#8243; _module_preset=&#8220;default&#8220; global_colors_info=&#8220;{}&#8220;][et_pb_row column_structure=&#8220;1_4,3_4&#8243; admin_label=&#8220;Zeile&#8220; _builder_version=&#8220;4.27.4&#8243; _module_preset=&#8220;default&#8220; global_colors_info=&#8220;{}&#8220;][et_pb_column type=&#8220;1_4&#8243; _builder_version=&#8220;4.27.4&#8243; _module_preset=&#8220;default&#8220; global_colors_info=&#8220;{}&#8220;][et_pb_sidebar disabled_on=&#8220;on|on|off&#8220; _builder_version=&#8220;4.27.4&#8243; _module_preset=&#8220;default&#8220; global_colors_info=&#8220;{}&#8220;][\/et_pb_sidebar][\/et_pb_column][et_pb_column type=&#8220;3_4&#8243; _builder_version=&#8220;4.27.4&#8243; _module_preset=&#8220;default&#8220; global_colors_info=&#8220;{}&#8220;][et_pb_text _builder_version=&#8220;4.27.4&#8243; _module_preset=&#8220;default&#8220; global_colors_info=&#8220;{}&#8220;]<\/p>\n<h2 style=\"text-align: left;\">Jugend im PSK Stuttgart-Esslingen<\/h2>\n<p style=\"text-align: left;\">Wie unser Dachverband, der W\u00fcrttembergische Pferdesportverband (WPSV), verstehen wir die Jugendarbeit als die F\u00f6rderung, Beteiligung und Integration junger Menschen im Pferdesport. Dazu geh\u00f6ren Wettbewerbe, Bildungsangebote, Mitbestimmung durch Jugendvertreter und Projekte, die Gemeinschaft und Nachhaltigkeit st\u00e4rken.<\/p>\n<p style=\"text-align: left;\">Wir unterst\u00fctzen den Verband in seinen Aktivit\u00e4ten wie z.B.:<\/p>\n<ul>\n<li>\n<p style=\"text-align: left;\">Landesjugendcup: Turnierserien in Dressur und Springen, die speziell f\u00fcr Jugendliche organisiert werden. Sie dienen der sportlichen F\u00f6rderung und dem Leistungsvergleich.<\/p>\n<\/li>\n<li style=\"text-align: left;\">Wettbewerbe &amp; Preise<span style=\"font-size: 16px;\">: Der \u201ePreis der besten Jugendarbeit\u201c zeichnet Vereine aus, die kreative und nachhaltige Jugendarbeit leisten \u2013 z. B. durch Biodiversit\u00e4tsprojekte, \u00d6ffentlichkeitsarbeit oder innovative Vereinsaktionen.<\/span><\/li>\n<li style=\"text-align: left;\"><span style=\"font-size: 16px;\"><\/span>Tagungen &amp; Versammlungen<span style=\"font-size: 16px;\">: Jugendwarttagungen und Vollversammlungen der Jugendvertreter sichern die Mitbestimmung und den Austausch zwischen Vereinen und Verband.<\/span><\/li>\n<li style=\"text-align: left;\"><span style=\"font-size: 16px;\"><\/span><span style=\"font-size: 16px;\">Breitensportliche Angebote<\/span><span style=\"font-size: 16px;\">: neben klassischem Reiten werden auch niederschwellige Aktivit\u00e4ten wie Hobby Horsing oder Ponytage angeboten, um Kinder fr\u00fchzeitig f\u00fcr den Pferdesport zu begeistern.<\/span><\/li>\n<li style=\"text-align: left;\"><span style=\"font-size: 16px;\"><\/span><span style=\"font-size: 16px;\">F\u00f6rderung von Jungend- und Einsteigerpr\u00fcfungen bzw. Turnieren oder breitensportlichen Veranstaltungen.<\/span><\/li>\n<li style=\"text-align: left;\"><span style=\"font-size: 16px;\"><\/span><span style=\"font-size: 16px;\">PSK-F\u00f6rdergruppentrainings und -turnier<\/span><\/li>\n<li style=\"text-align: left;\"><span style=\"font-size: 16px;\">Integrieren von Vorschl\u00e4gen und Ideen aus der PSK-Jugendvertretung in die PSK-Arbeit.<\/span><\/li>\n<\/ul>\n<p style=\"text-align: left;\">Damit<\/p>\n<ul>\n<li style=\"text-align: left;\">tragen wir aktiv zur <span style=\"font-size: 16px;\"><\/span>Nachwuchssicherung bei.<\/li>\n<li style=\"text-align: left;\">f\u00f6rdern wir die fr\u00fchzeitige Bindung der Kinder und Jugendliche zum Pferdesport<\/li>\n<li style=\"text-align: left;\">bieten wir Partizipation &amp; Verantwortung f\u00fcr Jugendliche im PSK.<\/li>\n<li style=\"text-align: left;\">f\u00f6rdern wir das Formen der Sozialkompetenz.<\/li>\n<\/ul>\n<ul><\/ul>\n<p>[\/et_pb_text][\/et_pb_column][\/et_pb_row][\/et_pb_section]<\/p>\n","protected":false},"excerpt":{"rendered":"<p>Jugend im PSK Stuttgart-Esslingen Wie unser Dachverband, der W\u00fcrttembergische Pferdesportverband (WPSV), verstehen wir die Jugendarbeit als die F\u00f6rderung, Beteiligung und Integration junger Menschen im Pferdesport. Dazu geh\u00f6ren Wettbewerbe, Bildungsangebote, Mitbestimmung durch Jugendvertreter und Projekte, die Gemeinschaft und Nachhaltigkeit st\u00e4rken. Wir unterst\u00fctzen den Verband in seinen Aktivit\u00e4ten wie z.B.: Landesjugendcup: Turnierserien in Dressur und Springen, die [&hellip;]<\/p>\n","protected":false},"author":1,"featured_media":0,"parent":0,"menu_order":0,"comment_status":"closed","ping_status":"closed","template":"","meta":{"_et_pb_use_builder":"on","_et_pb_old_content":"","_et_gb_content_width":"","_mc_calendar":[],"footnotes":""},"class_list":["post-2467","page","type-page","status-publish","hentry"],"_links":{"self":[{"href":"https:\/\/psk-stuttgart-esslingen.de\/psk_wp\/wp-json\/wp\/v2\/pages\/2467","targetHints":{"allow":["GET"]}}],"collection":[{"href":"https:\/\/psk-stuttgart-esslingen.de\/psk_wp\/wp-json\/wp\/v2\/pages"}],"about":[{"href":"https:\/\/psk-stuttgart-esslingen.de\/psk_wp\/wp-json\/wp\/v2\/types\/page"}],"author":[{"embeddable":true,"href":"https:\/\/psk-stuttgart-esslingen.de\/psk_wp\/wp-json\/wp\/v2\/users\/1"}],"replies":[{"embeddable":true,"href":"https:\/\/psk-stuttgart-esslingen.de\/psk_wp\/wp-json\/wp\/v2\/comments?post=2467"}],"version-history":[{"count":6,"href":"https:\/\/psk-stuttgart-esslingen.de\/psk_wp\/wp-json\/wp\/v2\/pages\/2467\/revisions"}],"predecessor-version":[{"id":3846,"href":"https:\/\/psk-stuttgart-esslingen.de\/psk_wp\/wp-json\/wp\/v2\/pages\/2467\/revisions\/3846"}],"wp:attachment":[{"href":"https:\/\/psk-stuttgart-esslingen.de\/psk_wp\/wp-json\/wp\/v2\/media?parent=2467"}],"curies":[{"name":"wp","href":"https:\/\/api.w.org\/{rel}","templated":true}]}}