{"id":631,"date":"2025-03-24T13:59:53","date_gmt":"2025-03-24T12:59:53","guid":{"rendered":"http:\/\/localhost\/psk\/wordpress\/?page_id=631"},"modified":"2025-10-16T20:21:16","modified_gmt":"2025-10-16T18:21:16","slug":"verbandsstruktur","status":"publish","type":"page","link":"https:\/\/psk-stuttgart-esslingen.de\/psk_wp\/verbandsstruktur\/","title":{"rendered":"Verbandsstruktur"},"content":{"rendered":"<p>[et_pb_section fb_built=&#8220;1&#8243; _builder_version=&#8220;4.27.4&#8243; _module_preset=&#8220;default&#8220; global_colors_info=&#8220;{}&#8220;][et_pb_row column_structure=&#8220;1_4,3_4&#8243; _builder_version=&#8220;4.27.4&#8243; _module_preset=&#8220;default&#8220; global_colors_info=&#8220;{}&#8220;][et_pb_column type=&#8220;1_4&#8243; _builder_version=&#8220;4.27.4&#8243; _module_preset=&#8220;default&#8220; global_colors_info=&#8220;{}&#8220;][et_pb_sidebar _builder_version=&#8220;4.27.4&#8243; _module_preset=&#8220;default&#8220; hover_enabled=&#8220;0&#8243; global_colors_info=&#8220;{}&#8220; disabled_on=&#8220;on|on|off&#8220; sticky_enabled=&#8220;0&#8243;][\/et_pb_sidebar][\/et_pb_column][et_pb_column type=&#8220;3_4&#8243; _builder_version=&#8220;4.27.4&#8243; _module_preset=&#8220;default&#8220; global_colors_info=&#8220;{}&#8220;][et_pb_text _builder_version=&#8220;4.27.4&#8243; _module_preset=&#8220;default&#8220; global_colors_info=&#8220;{}&#8220;]<\/p>\n<h2 style=\"text-align: left;\">Verbandsstruktur<\/h2>\n<h3 style=\"text-align: left;\"><\/h3>\n<h3 style=\"text-align: left;\">Die Dachverb\u00e4nde<\/h3>\n<p style=\"text-align: left;\">Der PSK ist ein exekutives Organ des W\u00fcrttembergischen Pferdesportverbandes (WPSV) und stellt das Bindeglied zwischen dem Verband und den Vereinen einer Region, gem\u00e4\u00df den <a href=\"https:\/\/psk-stuttgart-esslingen.de\/psk_wp\/wp-content\/uploads\/2025\/09\/PSK-Richtlinien2009Endfassung.pdf\" rel=\"attachment wp-att-2470\">Richtlinien f\u00fcr PSKs<\/a> des WPSV.<\/p>\n<p style=\"text-align: left;\">Die nachfolgende Darstellung zeigt die Einbindung des PSK in die Verbandstrukturen:<\/p>\n<p style=\"text-align: left;\">\n<h3 style=\"text-align: left;\">Diagramm<\/h3>\n<p style=\"text-align: left;\"><img loading=\"lazy\" decoding=\"async\" src=\"https:\/\/psk-stuttgart-esslingen.de\/psk_wp\/wp-content\/uploads\/2017\/12\/verbaende2.jpg\" width=\"406\" height=\"524\" alt=\"\" class=\"wp-image-31 alignnone size-full\" \/><\/p>\n<p>[\/et_pb_text][\/et_pb_column][\/et_pb_row][\/et_pb_section]<\/p>\n","protected":false},"excerpt":{"rendered":"<p>Verbandsstruktur Die Dachverb\u00e4nde Der PSK ist ein exekutives Organ des W\u00fcrttembergischen Pferdesportverbandes (WPSV) und stellt das Bindeglied zwischen dem Verband und den Vereinen einer Region, gem\u00e4\u00df den Richtlinien f\u00fcr PSKs des WPSV. Die nachfolgende Darstellung zeigt die Einbindung des PSK in die Verbandstrukturen: Diagramm<\/p>\n","protected":false},"author":1,"featured_media":0,"parent":0,"menu_order":0,"comment_status":"closed","ping_status":"closed","template":"","meta":{"_et_pb_use_builder":"on","_et_pb_old_content":"","_et_gb_content_width":"","_mc_calendar":[],"footnotes":""},"class_list":["post-631","page","type-page","status-publish","hentry"],"_links":{"self":[{"href":"https:\/\/psk-stuttgart-esslingen.de\/psk_wp\/wp-json\/wp\/v2\/pages\/631","targetHints":{"allow":["GET"]}}],"collection":[{"href":"https:\/\/psk-stuttgart-esslingen.de\/psk_wp\/wp-json\/wp\/v2\/pages"}],"about":[{"href":"https:\/\/psk-stuttgart-esslingen.de\/psk_wp\/wp-json\/wp\/v2\/types\/page"}],"author":[{"embeddable":true,"href":"https:\/\/psk-stuttgart-esslingen.de\/psk_wp\/wp-json\/wp\/v2\/users\/1"}],"replies":[{"embeddable":true,"href":"https:\/\/psk-stuttgart-esslingen.de\/psk_wp\/wp-json\/wp\/v2\/comments?post=631"}],"version-history":[{"count":6,"href":"https:\/\/psk-stuttgart-esslingen.de\/psk_wp\/wp-json\/wp\/v2\/pages\/631\/revisions"}],"predecessor-version":[{"id":3432,"href":"https:\/\/psk-stuttgart-esslingen.de\/psk_wp\/wp-json\/wp\/v2\/pages\/631\/revisions\/3432"}],"wp:attachment":[{"href":"https:\/\/psk-stuttgart-esslingen.de\/psk_wp\/wp-json\/wp\/v2\/media?parent=631"}],"curies":[{"name":"wp","href":"https:\/\/api.w.org\/{rel}","templated":true}]}}