{"id":730,"date":"2025-03-27T10:24:56","date_gmt":"2025-03-27T09:24:56","guid":{"rendered":"http:\/\/localhost\/psk\/wordpress\/?page_id=730"},"modified":"2025-12-07T09:14:30","modified_gmt":"2025-12-07T08:14:30","slug":"foerdergruppen","status":"publish","type":"page","link":"https:\/\/psk-stuttgart-esslingen.de\/psk_wp\/foerdergruppen\/","title":{"rendered":"F\u00f6rdergruppen"},"content":{"rendered":"<p>[et_pb_section fb_built=&#8220;1&#8243; _builder_version=&#8220;4.27.4&#8243; _module_preset=&#8220;default&#8220; global_colors_info=&#8220;{}&#8220;][et_pb_row column_structure=&#8220;1_4,3_4&#8243; _builder_version=&#8220;4.27.4&#8243; _module_preset=&#8220;default&#8220; global_colors_info=&#8220;{}&#8220;][et_pb_column type=&#8220;1_4&#8243; _builder_version=&#8220;4.27.4&#8243; _module_preset=&#8220;default&#8220; global_colors_info=&#8220;{}&#8220;][et_pb_sidebar disabled_on=&#8220;on|on|off&#8220; _builder_version=&#8220;4.27.4&#8243; _module_preset=&#8220;default&#8220; global_colors_info=&#8220;{}&#8220;][\/et_pb_sidebar][\/et_pb_column][et_pb_column type=&#8220;3_4&#8243; _builder_version=&#8220;4.27.4&#8243; _module_preset=&#8220;default&#8220; global_colors_info=&#8220;{}&#8220;][et_pb_text _builder_version=&#8220;4.27.4&#8243; _module_preset=&#8220;default&#8220; custom_margin=&#8220;|0px||0px|false|false&#8220; custom_margin_tablet=&#8220;|0px||0px|false|false&#8220; custom_margin_phone=&#8220;|0px||0px|false|false&#8220; custom_margin_last_edited=&#8220;on|phone&#8220; custom_padding=&#8220;|0px||0px|false|false&#8220; global_colors_info=&#8220;{}&#8220;]<\/p>\n<h2 style=\"text-align: left;\">F\u00f6rdergruppen<\/h2>\n<h3 style=\"text-align: left;\">Die Ansprechpartner f\u00fcr die F\u00f6rdergruppen<\/h3>\n<p style=\"text-align: left;\"><strong>Beauftragte F\u00f6rdergruppen<br \/><\/strong>Annick Todten<br \/>Tel.: 0173-4827168<br \/>E-Mail: irisfallscheer@web.de<\/p>\n<h3 style=\"text-align: left;\">Das Programm<\/h3>\n<p style=\"text-align: left;\">Das F\u00f6rdergruppenprogramm richtet sich an Jugendliche bis 21 Jahre, die noch nicht f\u00fcr den Landes- oder den Regionalkader nominiert sind. Das PSK-F\u00f6rdergruppenprogramm bildet damit die unterste Stufe, aber auch das Sprungbrett in die n\u00e4chst h\u00f6heren Ebenen der Verbandsjugendf\u00f6rderung.<\/p>\n<p style=\"text-align: left;\">Das nachfolgende Bild zeigt die grunds\u00e4tzliche F\u00f6rderpyramide f\u00fcr Jugenliche im Reitsport.<\/p>\n<p style=\"text-align: left;\"><span style=\"color: #e02b20;\"><img loading=\"lazy\" decoding=\"async\" src=\"https:\/\/psk-stuttgart-esslingen.de\/psk_wp\/wp-content\/uploads\/2025\/09\/FoerderpyramideJPG.jpg\" width=\"834\" height=\"536\" alt=\"\" class=\"wp-image-2153 alignnone size-medium\" srcset=\"https:\/\/psk-stuttgart-esslingen.de\/psk_wp\/wp-content\/uploads\/2025\/09\/FoerderpyramideJPG-1280x822.jpg 1280w, https:\/\/psk-stuttgart-esslingen.de\/psk_wp\/wp-content\/uploads\/2025\/09\/FoerderpyramideJPG-980x629.jpg 980w, https:\/\/psk-stuttgart-esslingen.de\/psk_wp\/wp-content\/uploads\/2025\/09\/FoerderpyramideJPG-480x308.jpg 480w\" sizes=\"(min-width: 0px) and (max-width: 480px) 480px, (min-width: 481px) and (max-width: 980px) 980px, (min-width: 981px) and (max-width: 1280px) 1280px, 100vw\" \/><\/span><\/p>\n<p style=\"text-align: left;\"><strong>PSK-Sichtungsstufen<\/strong><\/p>\n<p style=\"text-align: left;\">Wir f\u00f6rdern in 3 Stufen.<br \/>1. Die <strong>Basisgruppe<\/strong> rekrutiert sich aus Reiterinnen und Reitern aus (Spring-)Reiterwettbewerben auf Breitensportlichen Veranstaltungen (BV) oder Pferdeleistungsschauen (PLS). Diese werden in Abh\u00e4ngigkeit der Leistung zu Lehrg\u00e4ngen vom PSK eingeladen.<\/p>\n<p style=\"text-align: left;\">Die <strong>F\u00f6rdergruppe<\/strong> trifft sich regelm\u00e4\u00dfig zu in der Regel kosteng\u00fcnstigen Trainingseinheiten.<\/p>\n<p style=\"text-align: left;\">Die <strong>Kaderreiter<\/strong> erfahren eine Intensivf\u00f6rderung.<\/p>\n<p style=\"text-align: left;\"><strong>Die PSK-F\u00f6rderung<\/strong><\/p>\n<p style=\"text-align: left;\">Sie besteht aus einem Lehrgangsangebot in Erg\u00e4nzung zu den Heimtraining.<\/p>\n<p style=\"text-align: left;\">Als F\u00f6rdergruppenmitglied<\/p>\n<ul style=\"text-align: left;\">\n<li>wird eine Teilnahme an den PSK-Trainingseinheiten wird vorausgesetzt.<\/li>\n<li>ist eine Teilnahme an dem F\u00f6rdergruppenvergleichswettkampf mit Sichtung zu den Regionalkadern m\u00f6glich.<\/li>\n<li>ist eine Teilnahme an den W\u00fcrttembergischen Mannschaftsmeisterschaften ist m\u00f6glich<\/li>\n<\/ul>\n<p style=\"text-align: left;\">Bei entsprechender Leistung und Perspektive werden die jungen Sportler an den Regional- oder Landestrainer weitergemeldet.<\/p>\n<p style=\"text-align: left;\"><strong>Wie kommt man in das F\u00f6rderprogramm?<\/strong><\/p>\n<ul style=\"text-align: left;\">\n<li>Durch die Teilnahme an den Sichtungen zu Jahresbeginn (Anmeldung unter der Rubrik Lehrg\u00e4nge)<\/li>\n<li>Durch die Teilnahme an den Sichtungsturnieren (CUP-Turniere)<\/li>\n<li>Aktives Interesse und Vorreiten bei PSK-Gremium<\/li>\n<\/ul>\n<p style=\"text-align: left;\"><strong>Welche Anforderungen muss man erf\u00fcllen?<\/strong><\/p>\n<ul>\n<li style=\"text-align: left;\">Eigentlich erstmal keine \u2026<\/li>\n<li style=\"text-align: left;\">Der Leistungsstand im Vergleich zum Alter ist relevant wie auch das Entwicklungspotential der Reiter-Pferd-Kombination<\/li>\n<\/ul>\n<p>[\/et_pb_text][et_pb_text disabled_on=&#8220;on|on|on&#8220; _builder_version=&#8220;4.27.4&#8243; _module_preset=&#8220;default&#8220; disabled=&#8220;on&#8220; global_colors_info=&#8220;{}&#8220;]<\/p>\n<p>&nbsp;<\/p>\n<p style=\"text-align: left;\"><span style=\"color: #000000;\">Die F\u00f6rdergruppenmitglieder 2025<\/span><span style=\"color: #e02b20;\"><\/span><\/p>\n<table border=\"1\" style=\"border-collapse: collapse; width: 78.3128%; height: 456px;\">\n<tbody>\n<tr style=\"height: 24px;\">\n<td style=\"width: 229.533px; height: 24px;\">Dressur 2025<\/td>\n<td style=\"width: 192.483px; height: 24px;\"><\/td>\n<td style=\"width: 134.5px; height: 24px;\">Springen 2025<\/td>\n<td style=\"width: 166.883px; height: 24px;\"><\/td>\n<\/tr>\n<tr style=\"height: 24px;\">\n<td style=\"width: 229.533px; height: 24px;\">Maike<\/td>\n<td style=\"width: 192.483px; height: 24px;\">H\u00f6fle<\/td>\n<td style=\"width: 134.5px;\">Madita<\/td>\n<td style=\"width: 166.883px;\">Scherrenbacher<\/td>\n<\/tr>\n<tr style=\"height: 24px;\">\n<td style=\"width: 229.533px; height: 24px;\">Romy<\/td>\n<td style=\"width: 192.483px; height: 24px;\">H\u00f6fle<\/td>\n<td style=\"width: 134.5px;\">Leona<\/td>\n<td style=\"width: 166.883px;\">Entenmann<\/td>\n<\/tr>\n<tr style=\"height: 24px;\">\n<td style=\"width: 229.533px; height: 24px;\">Lilli<\/td>\n<td style=\"width: 192.483px; height: 24px;\">Horlacher<\/td>\n<td style=\"width: 134.5px;\">Luisa<\/td>\n<td style=\"width: 166.883px;\">Laub<\/td>\n<\/tr>\n<tr style=\"height: 24px;\">\n<td style=\"width: 229.533px; height: 24px;\">Francseca<\/td>\n<td style=\"width: 192.483px; height: 24px;\">K\u00fcstermann<\/td>\n<td style=\"width: 134.5px;\">Lina<\/td>\n<td style=\"width: 166.883px;\">Hirche<\/td>\n<\/tr>\n<tr style=\"height: 24px;\">\n<td style=\"width: 229.533px; height: 24px;\">Ludwig<\/td>\n<td style=\"width: 192.483px; height: 24px;\">Ramsaier<\/td>\n<td style=\"width: 134.5px;\">Nele<\/td>\n<td style=\"width: 166.883px;\">Adam<\/td>\n<\/tr>\n<tr style=\"height: 24px;\">\n<td style=\"width: 229.533px; height: 24px;\">Amelie<\/td>\n<td style=\"width: 192.483px; height: 24px;\">Weinberger<\/td>\n<td style=\"width: 134.5px;\">Summer Armbruster<\/td>\n<td style=\"width: 166.883px;\">Pia Spohie<\/td>\n<\/tr>\n<tr style=\"height: 24px;\">\n<td style=\"width: 229.533px; height: 24px;\">Jannika<\/td>\n<td style=\"width: 192.483px; height: 24px;\">Weissinger<\/td>\n<td style=\"width: 134.5px;\">Riesner<\/td>\n<td style=\"width: 166.883px;\">Laura<\/td>\n<\/tr>\n<tr style=\"height: 24px;\">\n<td style=\"width: 229.533px; height: 24px;\">Amelie<\/td>\n<td style=\"width: 192.483px; height: 24px;\">Wittke<\/td>\n<td style=\"width: 134.5px;\">Mia<\/td>\n<td style=\"width: 166.883px;\">Debusch<\/td>\n<\/tr>\n<tr style=\"height: 24px;\">\n<td style=\"width: 229.533px; height: 24px;\">Annabell<\/td>\n<td style=\"width: 192.483px; height: 24px;\">Theel<\/td>\n<td style=\"width: 134.5px; height: 24px;\"><\/td>\n<td style=\"width: 166.883px; height: 24px;\"><\/td>\n<\/tr>\n<tr style=\"height: 24px;\">\n<td style=\"width: 229.533px; height: 24px;\">Nele<\/td>\n<td style=\"width: 192.483px; height: 24px;\">Adam<\/td>\n<td style=\"width: 134.5px; height: 24px;\"><\/td>\n<td style=\"width: 166.883px; height: 24px;\"><\/td>\n<\/tr>\n<tr style=\"height: 24px;\">\n<td style=\"width: 229.533px; height: 24px;\">Emily<\/td>\n<td style=\"width: 192.483px; height: 24px;\">Betz<\/td>\n<td style=\"width: 134.5px; height: 24px;\"><\/td>\n<td style=\"width: 166.883px; height: 24px;\"><\/td>\n<\/tr>\n<tr style=\"height: 24px;\">\n<td style=\"width: 229.533px; height: 24px;\">Leona<\/td>\n<td style=\"width: 192.483px; height: 24px;\">Entenmann<\/td>\n<td style=\"width: 134.5px; height: 24px;\"><\/td>\n<td style=\"width: 166.883px; height: 24px;\"><\/td>\n<\/tr>\n<tr style=\"height: 24px;\">\n<td style=\"width: 229.533px; height: 24px;\">Madita<\/td>\n<td style=\"width: 192.483px; height: 24px;\">Scherrenbacher<\/td>\n<td style=\"width: 134.5px; height: 24px;\"><\/td>\n<td style=\"width: 166.883px; height: 24px;\"><\/td>\n<\/tr>\n<tr style=\"height: 24px;\">\n<td style=\"width: 229.533px; height: 24px;\">Sophia<\/td>\n<td style=\"width: 192.483px; height: 24px;\">Schmid<\/td>\n<td style=\"width: 134.5px; height: 24px;\"><\/td>\n<td style=\"width: 166.883px; height: 24px;\"><\/td>\n<\/tr>\n<tr style=\"height: 24px;\">\n<td style=\"width: 229.533px; height: 24px;\">Tiara<\/td>\n<td style=\"width: 192.483px; height: 24px;\">Tetickovic<\/td>\n<td style=\"width: 134.5px; height: 24px;\"><\/td>\n<td style=\"width: 166.883px; height: 24px;\"><\/td>\n<\/tr>\n<tr style=\"height: 24px;\">\n<td style=\"width: 229.533px; height: 24px;\">Alena<\/td>\n<td style=\"width: 192.483px; height: 24px;\">Weinberger<\/td>\n<td style=\"width: 134.5px; height: 24px;\"><\/td>\n<td style=\"width: 166.883px; height: 24px;\"><\/td>\n<\/tr>\n<tr style=\"height: 24px;\">\n<td style=\"width: 229.533px; height: 24px;\"><\/td>\n<td style=\"width: 192.483px; height: 24px;\"><\/td>\n<td style=\"width: 134.5px; height: 24px;\"><\/td>\n<td style=\"width: 166.883px; height: 24px;\"><\/td>\n<\/tr>\n<tr style=\"height: 24px;\">\n<td style=\"width: 229.533px; height: 24px;\"><\/td>\n<td style=\"width: 192.483px; height: 24px;\"><\/td>\n<td style=\"width: 134.5px; height: 24px;\"><\/td>\n<td style=\"width: 166.883px; height: 24px;\"><\/td>\n<\/tr>\n<\/tbody>\n<\/table>\n<p>[\/et_pb_text][et_pb_code _builder_version=&#8220;4.27.4&#8243; _module_preset=&#8220;default&#8220; global_colors_info=&#8220;{}&#8220;]<\/p>\n<style><!-- [et_pb_line_break_holder] -->  \/* Grundlegendes Tabellen-Design *\/<!-- [et_pb_line_break_holder] -->  table {<!-- [et_pb_line_break_holder] -->    border-collapse: collapse;<!-- [et_pb_line_break_holder] -->    width: 100%;<!-- [et_pb_line_break_holder] -->    font-family: Arial, sans-serif;<!-- [et_pb_line_break_holder] -->  }<!-- [et_pb_line_break_holder] --><!-- [et_pb_line_break_holder] -->  th, td {<!-- [et_pb_line_break_holder] -->    border: 1px solid #ccc;<!-- [et_pb_line_break_holder] -->    padding: 8px;<!-- [et_pb_line_break_holder] -->    text-align: left;<!-- [et_pb_line_break_holder] -->  }<!-- [et_pb_line_break_holder] --><!-- [et_pb_line_break_holder] -->  th {<!-- [et_pb_line_break_holder] -->    background-color: #f2f2f2;<!-- [et_pb_line_break_holder] -->  }<!-- [et_pb_line_break_holder] --><!-- [et_pb_line_break_holder] -->  \/* Container f\u00fcr horizontales Scrollen auf mobilen Ger\u00e4ten *\/<!-- [et_pb_line_break_holder] -->  .table-container {<!-- [et_pb_line_break_holder] -->    overflow-x: auto;<!-- [et_pb_line_break_holder] -->    max-width: 100%;<!-- [et_pb_line_break_holder] -->  }<!-- [et_pb_line_break_holder] --><!-- [et_pb_line_break_holder] -->  \/* Optional: sanfter Scroll-Effekt f\u00fcr iOS *\/<!-- [et_pb_line_break_holder] -->  .table-container {<!-- [et_pb_line_break_holder] -->    -webkit-overflow-scrolling: touch;<!-- [et_pb_line_break_holder] -->  }<!-- [et_pb_line_break_holder] --><\/style>\n<p><!-- [et_pb_line_break_holder] --><!-- [et_pb_line_break_holder] --><pee style=\"text-align:left; font-size:1.2em; font-weight:bold;\"><!-- [et_pb_line_break_holder] -->  Die F\u00f6rdergruppenmitglieder 2025<!-- [et_pb_line_break_holder] --><\/pee><!-- [et_pb_line_break_holder] --><!-- [et_pb_line_break_holder] --><\/p>\n<div class=\"table-container\"><!-- [et_pb_line_break_holder] -->  <\/p>\n<table><!-- [et_pb_line_break_holder] -->    <\/p>\n<thead><!-- [et_pb_line_break_holder] -->      <\/p>\n<tr><!-- [et_pb_line_break_holder] -->        <\/p>\n<th>Dressur 2025<\/th>\n<p><!-- [et_pb_line_break_holder] -->        <\/p>\n<th><\/th>\n<p><!-- [et_pb_line_break_holder] -->        <\/p>\n<th>Springen 2025<\/th>\n<p><!-- [et_pb_line_break_holder] -->        <\/p>\n<th><\/th>\n<p><!-- [et_pb_line_break_holder] -->      <\/tr>\n<p><!-- [et_pb_line_break_holder] -->    <\/thead>\n<p><!-- [et_pb_line_break_holder] -->    <\/p>\n<tbody><!-- [et_pb_line_break_holder] -->      <\/p>\n<tr><!-- [et_pb_line_break_holder] -->        <\/p>\n<td>Maike<\/td>\n<p><!-- [et_pb_line_break_holder] -->        <\/p>\n<td>H\u00f6fle<\/td>\n<p><!-- [et_pb_line_break_holder] -->        <\/p>\n<td>Madita<\/td>\n<p><!-- [et_pb_line_break_holder] -->        <\/p>\n<td>Scherrenbacher<\/td>\n<p><!-- [et_pb_line_break_holder] -->      <\/tr>\n<p><!-- [et_pb_line_break_holder] -->      <\/p>\n<tr><!-- [et_pb_line_break_holder] -->        <\/p>\n<td>Romy<\/td>\n<p><!-- [et_pb_line_break_holder] -->        <\/p>\n<td>H\u00f6fle<\/td>\n<p><!-- [et_pb_line_break_holder] -->        <\/p>\n<td>Leona<\/td>\n<p><!-- [et_pb_line_break_holder] -->        <\/p>\n<td>Entenmann<\/td>\n<p><!-- [et_pb_line_break_holder] -->      <\/tr>\n<p><!-- [et_pb_line_break_holder] -->      <\/p>\n<tr><!-- [et_pb_line_break_holder] -->        <\/p>\n<td>Lilli<\/td>\n<p><!-- [et_pb_line_break_holder] -->        <\/p>\n<td>Horlacher<\/td>\n<p><!-- [et_pb_line_break_holder] -->        <\/p>\n<td>Luisa<\/td>\n<p><!-- [et_pb_line_break_holder] -->        <\/p>\n<td>Laub<\/td>\n<p><!-- [et_pb_line_break_holder] -->      <\/tr>\n<p><!-- [et_pb_line_break_holder] -->      <\/p>\n<tr><!-- [et_pb_line_break_holder] -->        <\/p>\n<td>Francseca<\/td>\n<p><!-- [et_pb_line_break_holder] -->        <\/p>\n<td>K\u00fcstermann<\/td>\n<p><!-- [et_pb_line_break_holder] -->        <\/p>\n<td>Lina<\/td>\n<p><!-- [et_pb_line_break_holder] -->        <\/p>\n<td>Hirche<\/td>\n<p><!-- [et_pb_line_break_holder] -->      <\/tr>\n<p><!-- [et_pb_line_break_holder] -->      <\/p>\n<tr><!-- [et_pb_line_break_holder] -->        <\/p>\n<td>Ludwig<\/td>\n<p><!-- [et_pb_line_break_holder] -->        <\/p>\n<td>Ramsaier<\/td>\n<p><!-- [et_pb_line_break_holder] -->        <\/p>\n<td>Nele<\/td>\n<p><!-- [et_pb_line_break_holder] -->        <\/p>\n<td>Adam<\/td>\n<p><!-- [et_pb_line_break_holder] -->      <\/tr>\n<p><!-- [et_pb_line_break_holder] -->      <\/p>\n<tr><!-- [et_pb_line_break_holder] -->        <\/p>\n<td>Amelie<\/td>\n<p><!-- [et_pb_line_break_holder] -->        <\/p>\n<td>Weinberger<\/td>\n<p><!-- [et_pb_line_break_holder] -->        <\/p>\n<td>Summer Armbruster<\/td>\n<p><!-- [et_pb_line_break_holder] -->        <\/p>\n<td>Pia Sophie<\/td>\n<p><!-- [et_pb_line_break_holder] -->      <\/tr>\n<p><!-- [et_pb_line_break_holder] -->      <\/p>\n<tr><!-- [et_pb_line_break_holder] -->        <\/p>\n<td>Jannika<\/td>\n<p><!-- [et_pb_line_break_holder] -->        <\/p>\n<td>Weissinger<\/td>\n<p><!-- [et_pb_line_break_holder] -->        <\/p>\n<td>Riesner<\/td>\n<p><!-- [et_pb_line_break_holder] -->        <\/p>\n<td>Laura<\/td>\n<p><!-- [et_pb_line_break_holder] -->      <\/tr>\n<p><!-- [et_pb_line_break_holder] -->      <\/p>\n<tr><!-- [et_pb_line_break_holder] -->        <\/p>\n<td>Amelie<\/td>\n<p><!-- [et_pb_line_break_holder] -->        <\/p>\n<td>Wittke<\/td>\n<p><!-- [et_pb_line_break_holder] -->        <\/p>\n<td>Mia<\/td>\n<p><!-- [et_pb_line_break_holder] -->        <\/p>\n<td>Debusch<\/td>\n<p><!-- [et_pb_line_break_holder] -->      <\/tr>\n<p><!-- [et_pb_line_break_holder] -->      <\/p>\n<tr><!-- [et_pb_line_break_holder] -->        <\/p>\n<td>Annabell<\/td>\n<p><!-- [et_pb_line_break_holder] -->        <\/p>\n<td>Theel<\/td>\n<p><!-- [et_pb_line_break_holder] -->        <\/p>\n<td><\/td>\n<p><!-- [et_pb_line_break_holder] -->        <\/p>\n<td><\/td>\n<p><!-- [et_pb_line_break_holder] -->      <\/tr>\n<p><!-- [et_pb_line_break_holder] -->      <\/p>\n<tr><!-- [et_pb_line_break_holder] -->        <\/p>\n<td>Nele<\/td>\n<p><!-- [et_pb_line_break_holder] -->        <\/p>\n<td>Adam<\/td>\n<p><!-- [et_pb_line_break_holder] -->        <\/p>\n<td><\/td>\n<p><!-- [et_pb_line_break_holder] -->        <\/p>\n<td><\/td>\n<p><!-- [et_pb_line_break_holder] -->      <\/tr>\n<p><!-- [et_pb_line_break_holder] -->      <\/p>\n<tr><!-- [et_pb_line_break_holder] -->        <\/p>\n<td>Emily<\/td>\n<p><!-- [et_pb_line_break_holder] -->        <\/p>\n<td>Betz<\/td>\n<p><!-- [et_pb_line_break_holder] -->        <\/p>\n<td><\/td>\n<p><!-- [et_pb_line_break_holder] -->        <\/p>\n<td><\/td>\n<p><!-- [et_pb_line_break_holder] -->      <\/tr>\n<p><!-- [et_pb_line_break_holder] -->      <\/p>\n<tr><!-- [et_pb_line_break_holder] -->        <\/p>\n<td>Leona<\/td>\n<p><!-- [et_pb_line_break_holder] -->        <\/p>\n<td>Entenmann<\/td>\n<p><!-- [et_pb_line_break_holder] -->        <\/p>\n<td><\/td>\n<p><!-- [et_pb_line_break_holder] -->        <\/p>\n<td><\/td>\n<p><!-- [et_pb_line_break_holder] -->      <\/tr>\n<p><!-- [et_pb_line_break_holder] -->      <\/p>\n<tr><!-- [et_pb_line_break_holder] -->        <\/p>\n<td>Madita<\/td>\n<p><!-- [et_pb_line_break_holder] -->        <\/p>\n<td>Scherrenbacher<\/td>\n<p><!-- [et_pb_line_break_holder] -->        <\/p>\n<td><\/td>\n<p><!-- [et_pb_line_break_holder] -->        <\/p>\n<td><\/td>\n<p><!-- [et_pb_line_break_holder] -->      <\/tr>\n<p><!-- [et_pb_line_break_holder] -->      <\/p>\n<tr><!-- [et_pb_line_break_holder] -->        <\/p>\n<td>Sophia<\/td>\n<p><!-- [et_pb_line_break_holder] -->        <\/p>\n<td>Schmid<\/td>\n<p><!-- [et_pb_line_break_holder] -->        <\/p>\n<td><\/td>\n<p><!-- [et_pb_line_break_holder] -->        <\/p>\n<td><\/td>\n<p><!-- [et_pb_line_break_holder] -->      <\/tr>\n<p><!-- [et_pb_line_break_holder] -->      <\/p>\n<tr><!-- [et_pb_line_break_holder] -->        <\/p>\n<td>Tiara<\/td>\n<p><!-- [et_pb_line_break_holder] -->        <\/p>\n<td>Tetickovic<\/td>\n<p><!-- [et_pb_line_break_holder] -->        <\/p>\n<td><\/td>\n<p><!-- [et_pb_line_break_holder] -->        <\/p>\n<td><\/td>\n<p><!-- [et_pb_line_break_holder] -->      <\/tr>\n<p><!-- [et_pb_line_break_holder] -->      <\/p>\n<tr><!-- [et_pb_line_break_holder] -->        <\/p>\n<td>Alena<\/td>\n<p><!-- [et_pb_line_break_holder] -->        <\/p>\n<td>Weinberger<\/td>\n<p><!-- [et_pb_line_break_holder] -->        <\/p>\n<td><\/td>\n<p><!-- [et_pb_line_break_holder] -->        <\/p>\n<td><\/td>\n<p><!-- [et_pb_line_break_holder] -->      <\/tr>\n<p><!-- [et_pb_line_break_holder] -->    <\/tbody>\n<p><!-- [et_pb_line_break_holder] -->  <\/table>\n<p><!-- [et_pb_line_break_holder] --><\/div>\n<p><!-- [et_pb_line_break_holder] -->[\/et_pb_code][\/et_pb_column][\/et_pb_row][\/et_pb_section]<\/p>\n","protected":false},"excerpt":{"rendered":"<p>F\u00f6rdergruppen Die Ansprechpartner f\u00fcr die F\u00f6rdergruppen Beauftragte F\u00f6rdergruppenAnnick TodtenTel.: 0173-4827168E-Mail: irisfallscheer@web.de Das Programm Das F\u00f6rdergruppenprogramm richtet sich an Jugendliche bis 21 Jahre, die noch nicht f\u00fcr den Landes- oder den Regionalkader nominiert sind. Das PSK-F\u00f6rdergruppenprogramm bildet damit die unterste Stufe, aber auch das Sprungbrett in die n\u00e4chst h\u00f6heren Ebenen der Verbandsjugendf\u00f6rderung. Das nachfolgende Bild zeigt [&hellip;]<\/p>\n","protected":false},"author":1,"featured_media":0,"parent":0,"menu_order":0,"comment_status":"closed","ping_status":"closed","template":"","meta":{"_et_pb_use_builder":"on","_et_pb_old_content":"","_et_gb_content_width":"","_mc_calendar":[],"footnotes":""},"class_list":["post-730","page","type-page","status-publish","hentry"],"_links":{"self":[{"href":"https:\/\/psk-stuttgart-esslingen.de\/psk_wp\/wp-json\/wp\/v2\/pages\/730","targetHints":{"allow":["GET"]}}],"collection":[{"href":"https:\/\/psk-stuttgart-esslingen.de\/psk_wp\/wp-json\/wp\/v2\/pages"}],"about":[{"href":"https:\/\/psk-stuttgart-esslingen.de\/psk_wp\/wp-json\/wp\/v2\/types\/page"}],"author":[{"embeddable":true,"href":"https:\/\/psk-stuttgart-esslingen.de\/psk_wp\/wp-json\/wp\/v2\/users\/1"}],"replies":[{"embeddable":true,"href":"https:\/\/psk-stuttgart-esslingen.de\/psk_wp\/wp-json\/wp\/v2\/comments?post=730"}],"version-history":[{"count":24,"href":"https:\/\/psk-stuttgart-esslingen.de\/psk_wp\/wp-json\/wp\/v2\/pages\/730\/revisions"}],"predecessor-version":[{"id":3843,"href":"https:\/\/psk-stuttgart-esslingen.de\/psk_wp\/wp-json\/wp\/v2\/pages\/730\/revisions\/3843"}],"wp:attachment":[{"href":"https:\/\/psk-stuttgart-esslingen.de\/psk_wp\/wp-json\/wp\/v2\/media?parent=730"}],"curies":[{"name":"wp","href":"https:\/\/api.w.org\/{rel}","templated":true}]}}