{"id":735,"date":"2025-03-27T10:30:25","date_gmt":"2025-03-27T09:30:25","guid":{"rendered":"http:\/\/localhost\/psk\/wordpress\/?page_id=735"},"modified":"2025-10-16T20:30:19","modified_gmt":"2025-10-16T18:30:19","slug":"historie","status":"publish","type":"page","link":"https:\/\/psk-stuttgart-esslingen.de\/psk_wp\/historie\/","title":{"rendered":"Historie"},"content":{"rendered":"<p>[et_pb_section fb_built=&#8220;1&#8243; _builder_version=&#8220;4.27.4&#8243; _module_preset=&#8220;default&#8220; global_colors_info=&#8220;{}&#8220;][et_pb_row column_structure=&#8220;1_4,3_4&#8243; _builder_version=&#8220;4.27.4&#8243; _module_preset=&#8220;default&#8220; global_colors_info=&#8220;{}&#8220;][et_pb_column type=&#8220;1_4&#8243; _builder_version=&#8220;4.27.4&#8243; _module_preset=&#8220;default&#8220; global_colors_info=&#8220;{}&#8220;][et_pb_sidebar _builder_version=&#8220;4.27.4&#8243; _module_preset=&#8220;default&#8220; hover_enabled=&#8220;0&#8243; global_colors_info=&#8220;{}&#8220; disabled_on=&#8220;on|on|off&#8220; sticky_enabled=&#8220;0&#8243;][\/et_pb_sidebar][\/et_pb_column][et_pb_column type=&#8220;3_4&#8243; _builder_version=&#8220;4.27.4&#8243; _module_preset=&#8220;default&#8220; global_colors_info=&#8220;{}&#8220;][et_pb_text _builder_version=&#8220;4.27.4&#8243; _module_preset=&#8220;default&#8220; global_colors_info=&#8220;{}&#8220;]<\/p>\n<h2 style=\"text-align: left;\">Historie<\/h2>\n<p style=\"text-align: left;\">Noch finden Sie hier fast nur nackte Zahlen und Fakten. Aber vielleicht haben Sie zu den einzelnen Jahren und Personen noch Bilder und Informationen dann melden Sie sich bei uns.<\/p>\n<p style=\"text-align: left;\"><strong>1975<\/strong><\/p>\n<p style=\"text-align: left;\">Bildung von Arbeitsgemeinschaften bzw. Kreisreiterverb\u00e4nden auf Anregung der FN<\/p>\n<p style=\"text-align: left;\">Abt. Sport von Dr.Burandt, Rolf Genkinger, Herrmann Schwenk, Hans Hartmann von Thumm und Reitmeister Hansen, T\u00fcbingen<\/p>\n<p style=\"text-align: left;\"><strong>1976<\/strong><\/p>\n<p style=\"text-align: left;\">Gr\u00fcndung ARGE Neckar-Alb<\/p>\n<p style=\"text-align: left;\">Vorstand\/Ausschuss:<br \/>1.Vorsitzender : Rolf Genkinger<br \/>2.Vorsitzender : Adolf Henzler bis zu seinem Tod 1991<br \/>Kassier : Roland Henzler<br \/>Sportwart : Martin Feth<br \/>Beisitzer : Klaus Zehnder, Pliezhausen<br \/>Urach und Pliezhausen geh\u00f6rten auch der ARGE Neckar-Alb an.<br \/>Herr Manfred Raichle Berater der Verbandsseite<\/p>\n<p style=\"text-align: left;\"><strong>1978<\/strong><\/p>\n<p style=\"text-align: left;\">In diesem Jahr scheiden Urach und Pliezhausen aus der ARGE Neckar-Alb aus.<\/p>\n<p style=\"text-align: left;\"><strong>1986<\/strong><\/p>\n<p style=\"text-align: left;\">ARGE Stuttgart wird gegr\u00fcndet, Vorsitzender Wolfgang Fahr ( alle Funktionen in Personalunion )<br \/>Mitgliedsvereine : Stuttgart-M\u00f6hringen, Stammheim Waldhof, RFV Stuttgart<br \/>Ansprechpartner f\u00fcr Fahren in der ARGE Neckar-Alb : Heinz M\u00fcnzenmaier<\/p>\n<p style=\"text-align: left;\"><strong>1987<\/strong><\/p>\n<p style=\"text-align: left;\">Schriftf\u00fchrer : Frank Reutter<\/p>\n<p style=\"text-align: left;\"><strong>1991<\/strong><\/p>\n<p style=\"text-align: left;\">Vorstand\/Ausschuss ARGE Neckar-Alb:<\/p>\n<p style=\"text-align: left;\">1. Vorsitzender : Frank Reutter<br \/>2. Vorsitzende : Bettina Schaufler<br \/>Gesch\u00e4ftsstelle : Sybille Mezger<br \/>Kassier : Roland Henzler<br \/>Jugendwart : Thomas Bangert<br \/>Voltigieren : Harald Grimm<br \/>Presse. -u. \u00d6ffentlichkeitsreferent : Sybille Mezger u. Bettina Schaufler<br \/>Beauftragte f\u00fcr Ponys : Beate Haussmann<br \/>Beauftragter f\u00fcr Dressur\/Springen : Martin Feth<br \/>Beauftragter f\u00fcr Fahren : Heinz M\u00fcnzenmaier<\/p>\n<p style=\"text-align: left;\">Herr Rolf Genkinger wird einstimmig zum Ehrenvorsitzenden gew\u00e4hlt.<\/p>\n<p style=\"text-align: left;\">Bei der PSK-Meisterchaften in K\u00f6ngen (Dr.\/Spr.) werden erstmalig die Senioren (damals alle Reiterinnen und Reiter ab 22 Jahren) in die Meisterschaft eingegliedert. Damit wird aus der 1-t\u00e4gigen eine 2-t\u00e4gige Veranstaltung.<\/p>\n<p style=\"text-align: left;\">Der Verein RC Aichtal nennt sich in Voltigierverein Raidwangen um.<\/p>\n<p style=\"text-align: left;\">Der Gesch\u00e4ftsf\u00fchrer des WPSV Herr M\u00fcller gibt seine Aufgabe an Frau Mac Inerney-May ab.<\/p>\n<p style=\"text-align: left;\"><strong>1992<\/strong><\/p>\n<p style=\"text-align: left;\">Die PSK-Meisterschaft f\u00fcr Dressur und Springen findet in K\u00f6ngen statt. Erstmalig werden Einzelmeister gek\u00fcrt. Das Konzept mit den Senioren hat sich bew\u00e4hrt.<\/p>\n<p style=\"text-align: left;\">Der Dachverband besteht aus 19 ARGEs.<\/p>\n<p style=\"text-align: left;\"><strong>1993<\/strong><\/p>\n<p style=\"text-align: left;\">Vorstand\/Ausschuss ARGE Neckar-Alb:<\/p>\n<p style=\"text-align: left;\">1. Vorsitzender : Frank Reutter<br \/>2. Vorsitzende : Bettina Schaufler<br \/>Gesch\u00e4ftsstelle : Sybille Mezger<br \/>Kassier : Roland Henzler<br \/>Jugendwart : Christa Eberle<br \/>Voltigieren : Harald Grimm<br \/>Presse. -u. \u00d6ffentlichkeitsreferent : Sybille Mezger u. Bettina Schaufler<br \/>Beauftragte f\u00fcr Ponys : Beate Haussmann-Reicherter<br \/>Beauftragter f\u00fcr Dressur\/Springen\/F\u00f6rdergruppen : Martin Feth<br \/>Beauftragter f\u00fcr Fahren : Heinz M\u00fcnzenmaier<br \/>Beauftragte Voltigieren : Christa Eberle<\/p>\n<p style=\"text-align: left;\">Die PSK-Meisterschaft f\u00fcr Dressur und Springen findet in N\u00fcrtingen statt.<\/p>\n<p style=\"text-align: left;\">Erstmalig wird eine Umlage mit 0,50 DM pro Mitglied erhoben. Die Vereine, die die Mitgliederzahlen nicht melden, werden mit einer Geb\u00fchr von 200,00 DM belegt.<\/p>\n<p style=\"text-align: left;\"><strong>1994<\/strong><\/p>\n<p style=\"text-align: left;\">Umbenennung von ARGE Neckar-Alb in PSK Esslingen<\/p>\n<p style=\"text-align: left;\">Der PSK besteht aus 23 Vereinen.<\/p>\n<p style=\"text-align: left;\"><strong>1995<\/strong><\/p>\n<p style=\"text-align: left;\">Vorstand\/Ausschuss PSK Esslingen:<\/p>\n<p style=\"text-align: left;\">1. Vorsitzender : Frank Reutter<br \/>2. Vorsitzende : Bettina Schaufler<br \/>Kassier : Roland Henzler<br \/>Kassenpr\u00fcfer : H. Huttenlocher und H. Schlack<br \/>Jugendwart : Doris Amthauer<br \/>Sportwart : Martin Feth<br \/>Beauftragte Voltigieren : Doris Amthauer<br \/>Presse. -u. \u00d6ffentlichkeitsreferent : Sybille Mezger<br \/>Beauftragte f\u00fcr Ponys : Beate Haussmann<br \/>Beauftragter f\u00fcr Fahren : Heinz M\u00fcnzenmaier<br \/>Beauftragter f\u00fcr den allg. Reit-u.Fahrsport ( Breitensport ) : Heinz M\u00fcnzenmaier<br \/>Beauftragte Vielseitigkeit : Christa Eberle<\/p>\n<p style=\"text-align: left;\"><strong>1996<\/strong><\/p>\n<p style=\"text-align: left;\">In N\u00fcrtingen wird der Bundesvergleichswettkampf im Mannschaftswettbewerb der Vierk\u00e4mpfer durchgef\u00fchrt.<\/p>\n<p style=\"text-align: left;\">Erstmalig wird ein Jugendturnier im Rahmen der F\u00f6rderung des Dachverbandes durchgef\u00fchrt; Austragungsort ist Weilheim.<\/p>\n<p style=\"text-align: left;\"><strong>1997<\/strong><\/p>\n<p style=\"text-align: left;\">Vorstand\/Ausschuss PSK Esslingen:<\/p>\n<p style=\"text-align: left;\">1. Vorsitzender : Frank Reutter<br \/>2. Vorsitzende : Bettina Schaufler<br \/>Kassier : Roland Henzler<br \/>Kassenpr\u00fcfer : H. Huttenlocher und S. Mezger<br \/>Jugendwart : Doris Amthauer<br \/>Sportwart : Martin Feth<br \/>Beauftragte Voltigieren : Doris Amthauer<br \/>Presse. -u. \u00d6ffentlichkeitsreferent : Elke Melchinger<br \/>Beauftragte f\u00fcr Ponys : Beate Haussmann<br \/>Beauftragter f\u00fcr Fahren : Heinz M\u00fcnzenmaier<br \/>Beauftragter f\u00fcr den allg. Reit- u. Fahrsport ( Breitensport ) : Heinz M\u00fcnzenmaier<br \/>Beauftragte Vielseitigkeit : Christa H\u00e4mmerling<\/p>\n<p style=\"text-align: left;\"><strong>1999<\/strong><\/p>\n<p style=\"text-align: left;\">1. Vorsitzender : Frank Reutter<br \/>2. Vorsitzende : Bettina Schaufler<br \/>Kassier : Roland Henzler<br \/>Kassenpr\u00fcfer : H. Huttenlocher und S. Mezger<br \/>Jugendwart : Simone Bender<br \/>Sportwart : Simone M\u00fcnzenmaier<br \/>Beauftragte Voltigieren : Doris Amthauer<br \/>Presse. -u. \u00d6ffentlichkeitsreferent : Elke Melchinger<br \/>Beauftragte f\u00fcr Ponys : unbesetzt<br \/>Beauftragter f\u00fcr Dressur\/Springen : Udo Buschle<br \/>Beauftragter f\u00fcr Fahren : Heinz M\u00fcnzenmaier<br \/>Beauftragter f\u00fcr den allg. Reit- u. Fahrsport ( Breitensport ) : Heinz M\u00fcnzenmaier<br \/>Beauftragte Vielseitigkeit : Christa H\u00e4mmerling<\/p>\n<p style=\"text-align: left;\"><strong>2000<\/strong><\/p>\n<p style=\"text-align: left;\">Ab M\u00e4rz Zusammenlegung der PSKs Stuttgart und Esslingen zum PSK Stuttgart-Esslingen<br \/>Neue Beauftragte f\u00fcr Ponys : Frau Vockrodt<\/p>\n<p style=\"text-align: left;\"><strong>2001<\/strong><\/p>\n<p style=\"text-align: left;\">1. Vorsitzender : Holger Martin<br \/>2. Vorsitzende : Bettina Schaufler<br \/>Kassier : Roland Henzler<br \/>Kassenpr\u00fcfer : S. Mezger und D. Gluiber<br \/>Jugendwart : Simone Semler<br \/>Sportwart : Kristina Hinds<br \/>Beauftragte Voltigieren : Carola Reutter<br \/>Presse. -u. \u00d6ffentlichkeitsreferent : Elke Melchinger<br \/>Beauftragte f\u00fcr Ponys : Frau Vockrodt<br \/>Beauftragter f\u00fcr Dressur : Erwin Ayadi<br \/>Beauftragter f\u00fcr Springen : Rainer Gimmel<br \/>Beauftragter f\u00fcr Fahren : Heinz M\u00fcnzenmaier<br \/>Beauftragter f\u00fcr den allg. Reit- u. Fahrsport ( Breitensport ) : Heinz M\u00fcnzenmaier<br \/>Beauftragte Vielseitigkeit : Christa H\u00e4mmerling<\/p>\n<p style=\"text-align: left;\"><strong>2003<\/strong><\/p>\n<p style=\"text-align: left;\">1. Vorsitzender : Holger Martin<br \/>2. Vorsitzende : Bettina Schaufler<br \/>Kassier : Roland Henzler<br \/>Kassenpr\u00fcfer : S. Mezger und D. Gluiber<br \/>Jugendwart : Bettina R\u00f6sch<br \/>Sportwart : Kristina Hinds<br \/>Beauftragte Voltigieren : Carola Reutter<br \/>Presse. -u. \u00d6ffentlichkeitsreferent : Elke Melchinger<br \/>Beauftragte f\u00fcr Ponys : Frau Vockrodt<br \/>Beauftragter f\u00fcr Dressur : Beate Sch\u00e4fer<br \/>Beauftragter f\u00fcr Springen : Rainer Gimmel, Uwe Heinrich<br \/>Beauftragter f\u00fcr Fahren : Heinz M\u00fcnzenmaier<br \/>Beauftragter f\u00fcr den allg. Reit- u. Fahrsport ( Breitensport ) : Heinz M\u00fcnzenmaier<br \/>Beauftragte Vielseitigkeit : Tanja Aigner<\/p>\n<p style=\"text-align: left;\"><strong>2004<\/strong><\/p>\n<p style=\"text-align: left;\">1. Vorsitzender : Holger Martin<br \/>2. Vorsitzende : Bettina Schaufler<br \/>Kassier : Roland Henzler<br \/>Kassenpr\u00fcfer : S. Mezger und D. Gluiber<br \/>Jugendwart : Bettina R\u00f6sch<br \/>Sportwart : Kristina Hinds<br \/>Beauftragte Voltigieren : Carola Reutter<br \/>Presse. -u. \u00d6ffentlichkeitsreferent : Elke Melchinger<br \/>Beauftragte f\u00fcr Ponys : Frau Vockrodt<br \/>Beauftragter f\u00fcr Dressur : Beate Sch\u00e4fer<br \/>Beauftragter f\u00fcr Springen : Rainer Gimmel, Uwe Heinrich<br \/>Beauftragter f\u00fcr Fahren : Heinz M\u00fcnzenmaier<br \/>Beauftragter f\u00fcr den allg. Reit- u. Fahrsport ( Breitensport ) : Heinz M\u00fcnzenmaier<br \/>Beauftragte Vielseitigkeit : Tanja Aigner<\/p>\n<p style=\"text-align: left;\"><strong>2006<\/strong><\/p>\n<p style=\"text-align: left;\">1. Vorsitzender : Holger Martin<br \/>2. Vorsitzende : Bettina Schaufler<br \/>Kassier : Roland Henzler<br \/>Kassenpr\u00fcfer : S. Mezger und D. Gluiber<br \/>Jugendwart : Julia Kr\u00e4mer<br \/>Sportwart : Kristina Hinds<br \/>Beauftragte Voltigieren : Carola Reutter<br \/>Presse. -u. \u00d6ffentlichkeitsreferent : Meike L\u00f6hr<br \/>Beauftragte f\u00fcr Ponys : Frau Vockrodt<br \/>Beauftragter f\u00fcr Dressur : Beate Sch\u00e4fer<br \/>Beauftragter f\u00fcr Springen : Arndt Fromm, Uwe Heinrich<br \/>Beauftragter f\u00fcr Fahren : Heinz M\u00fcnzenmaier<br \/>Beauftragter f\u00fcr den allg. Reit- u. Fahrsport ( Breitensport ) : Heinz M\u00fcnzenmaier<br \/>Beauftragter Vielseitigkeit : Klaus Bauer<\/p>\n<p style=\"text-align: left;\"><strong>2007<\/strong><\/p>\n<p style=\"text-align: left;\">1. Vorsitzender : Holger Martin<br \/>2. Vorsitzende : Bettina Laub<br \/>Kassier : Roland Henzler<br \/>Kassenpr\u00fcfer : S. Weber und D. Gluiber<br \/>Jugendwart : Christine Quast<br \/>Sportwart : Kristina Hinds<br \/>Beauftragte Voltigieren : Carola Reutter<br \/>Presse. -u. \u00d6ffentlichkeitsreferent : Meike L\u00f6hr<br \/>Beauftragte f\u00fcr Ponys : Kerstin F\u00fcgel<br \/>Beauftragter f\u00fcr Dressur : Michael B\u00f6rner<br \/>Beauftragter f\u00fcr Springen : Arndt Fromm, Uwe Heinrich<br \/>Beauftragter f\u00fcr Fahren : Heinz M\u00fcnzenmaier<br \/>Beauftragter f\u00fcr den allg. Reit- u. Fahrsport ( Breitensport ) : Heinz M\u00fcnzenmaier<br \/>Beauftragter Vielseitigkeit : Klaus Bauer<\/p>\n<p style=\"text-align: left;\"><strong>2008<\/strong><\/p>\n<p style=\"text-align: left;\">1. Vorsitzender : Holger Martin<br \/>2. Vorsitzende : Bettina Laub<br \/>Kassier : Roland Henzler<br \/>Kassenpr\u00fcfer : U. Bort und D. Gluiber<br \/>Jugendwart : Christine Quast<br \/>Sportwart : Kristina Hinds<br \/>Beauftragte Voltigieren : Carola Reutter<br \/>Presse. -u. \u00d6ffentlichkeitsreferent : Meike L\u00f6hr<br \/>Beauftragte f\u00fcr Ponys : unbesetzt<br \/>Beauftragter f\u00fcr Dressur : Holger Schulze<br \/>Beauftragter f\u00fcr Springen : Uwe Heinrich<br \/>Beauftragter f\u00fcr Fahren : Heinz M\u00fcnzenmaier<br \/>Beauftragter f\u00fcr den allg. Reit- u. Fahrsport ( Breitensport ) : Heinz M\u00fcnzenmaier<br \/>Beauftragter Vielseitigkeit : Klaus Bauer<\/p>\n<p style=\"text-align: left;\"><strong>2009<\/strong><\/p>\n<p style=\"text-align: left;\">1. Vorsitzender : Holger Martin<br \/>2. Vorsitzende : Bettina Laub<br \/>Kassier : Roland Henzler<br \/>Kassenpr\u00fcfer : U. Bort und D. Gluiber<br \/>Jugendwart : Christine Quast<br \/>Sportwart : Kristina Hinds<br \/>Beauftragte Voltigieren : Carola Reutter<br \/>Presse. -u. \u00d6ffentlichkeitsreferent : Meike L\u00f6hr<br \/>Beauftragte f\u00fcr Ponys : unbesetzt<br \/>Beauftragter f\u00fcr Dressur : Holger Schulze<br \/>Beauftragter f\u00fcr Springen : Uwe Heinrich<br \/>Beauftragter f\u00fcr Fahren : Heinz M\u00fcnzenmaier<br \/>Beauftragter f\u00fcr den allg. Reit- u. Fahrsport ( Breitensport ) : Heinz M\u00fcnzenmaier<br \/>Beauftragter Vielseitigkeit : Klaus Bauer<\/p>\n<p style=\"text-align: left;\"><strong>2010<\/strong><\/p>\n<p style=\"text-align: left;\">1. Vorsitzender : Holger Martin<br \/>2. Vorsitzende : Bettina Laub<br \/>Kassier : Roland Henzler<br \/>Kassenpr\u00fcfer : U. Bort und D. Gluiber<br \/>Jugendwart : Christine Quast<br \/>Sportwart : Kristina Hinds<br \/>Beauftragte Voltigieren : Carola Reutter<br \/>Presse. -u. \u00d6ffentlichkeitsreferent : Meike L\u00f6hr<br \/>Beauftragte f\u00fcr Ponys : unbesetzt<br \/>Beauftragter f\u00fcr Dressur : Holger Schulze<br \/>Beauftragter f\u00fcr Springen : Uwe Heinrich<br \/>Beauftragter f\u00fcr Fahren : Heinz M\u00fcnzenmaier<br \/>Beauftragter f\u00fcr den allg. Reit- u. Fahrsport ( Breitensport ) : Heinz M\u00fcnzenmaier<br \/>Beauftragter Vielseitigkeit : Klaus Bauer<\/p>\n<p style=\"text-align: left;\"><strong>2011<\/strong><\/p>\n<p style=\"text-align: left;\">1. Vorsitzender : Holger Martin<br \/>2. Vorsitzende : Bettina Laub<br \/>Kassier : Roland Henzler<br \/>Kassenpr\u00fcfer : U. Bort und D. Gluiber<br \/>Jugendwart : Christine Quast<br \/>Sportwart : Iris Fallscheer<br \/>Beauftragte Voltigieren : Carola Reutter<br \/>Presse. -u. \u00d6ffentlichkeitsreferent : Meike L\u00f6hr<br \/>Beauftragte f\u00fcr Ponys : unbesetzt<br \/>Beauftragter f\u00fcr Dressur : Holger Schulze<br \/>Beauftragter f\u00fcr Springen : Uwe Heinrich<br \/>Beauftragter f\u00fcr Fahren : Heinz M\u00fcnzenmaier<br \/>Beauftragter f\u00fcr den allg. Reit- u. Fahrsport ( Breitensport ) : Heinz M\u00fcnzenmaier<br \/>Beauftragter Vielseitigkeit : Klaus Bauer<\/p>\n<p style=\"text-align: left;\"><strong>2012<\/strong><\/p>\n<p style=\"text-align: left;\">1. Vorsitzender : Holger Martin<br \/>2. Vorsitzende : Ines Schleiffer<br \/>Kassier : Roland Henzler<br \/>Kassenpr\u00fcfer : U. Bort und D. Gluiber<br \/>Jugendwart : Christine Quast<br \/>Sportwart : Iris Fallscheer<br \/>Beauftragte Voltigieren : Carola Reutter<br \/>Presse. -u. \u00d6ffentlichkeitsreferent : Martina Hummel<br \/>Beauftragte f\u00fcr Ponys : unbesetzt<br \/>Beauftragter f\u00fcr Dressur : Holger Schulze<br \/>Beauftragter f\u00fcr Springen : Uwe Heinrich<br \/>Beauftragter f\u00fcr Fahren : Christel Grupp<br \/>Beauftragter f\u00fcr den allg. Reit- u. Fahrsport ( Breitensport ) : Heinz M\u00fcnzenmaier<br \/>Beauftragter Vielseitigkeit : Klaus Bauer<\/p>\n<p style=\"text-align: left;\"><strong>2013<\/strong><\/p>\n<p style=\"text-align: left;\">1. Vorsitzender : Holger Martin<br \/>2. Vorsitzende : Ines Haist<br \/>Kassier : Roland Henzler<br \/>Kassenpr\u00fcfer : U. Bort und D. Gluiber<br \/>Jugendwart : Christine Quast<br \/>Sportwart : Iris Fallscheer<br \/>Beauftragte Voltigieren : Carola Reutter<br \/>Presse. -u. \u00d6ffentlichkeitsreferent : Martina Hummel<br \/>Beauftragte f\u00fcr Ponys : unbesetzt<br \/>Beauftragter f\u00fcr Dressur : Holger Schulze<br \/>Beauftragter f\u00fcr Springen : Marcus Rieger<br \/>Beauftragter f\u00fcr Fahren : Heinz M\u00fcnzenmaier<br \/>Beauftragter f\u00fcr den allg. Reit- u. Fahrsport: Heinz M\u00fcnzenmaier<br \/>Beauftragter Vielseitigkeit : Klaus Bauer<\/p>\n<p style=\"text-align: left;\"><strong>2014<\/strong><\/p>\n<p style=\"text-align: left;\">1. Vorsitzender : Holger Martin<br \/>2. Vorsitzende : Ines Haist<br \/>Kassier : Roland Henzler<br \/>Kassenpr\u00fcfer : U. Bort und D. Gluiber<br \/>Jugendwart : Amelie H\u00f6fer<br \/>Sportwart : Iris Fallscheer<br \/>Beauftragte Voltigieren : Carola Reutter<br \/>Presse. -u. \u00d6ffentlichkeitsreferent : Stefanie Nething<br \/>Beauftragte f\u00fcr Ponys : unbesetzt<br \/>Beauftragter f\u00fcr Dressur : Holger Schulze<br \/>Beauftragter f\u00fcr Springen : Marcus Rieger<br \/>Beauftragter f\u00fcr Fahren : Heinz M\u00fcnzenmaier<br \/>Beauftragter f\u00fcr den allg. Reit- u. Fahrsport: Heinz M\u00fcnzenmaier<br \/>Beauftragter Vielseitigkeit : Klaus Bauer<\/p>\n<p>[\/et_pb_text][et_pb_code _builder_version=&#8220;4.27.4&#8243; _module_preset=&#8220;default&#8220; global_colors_info=&#8220;{}&#8220;]<\/p>\n<div class=\"fb-page\" data-href=\"https:\/\/www.facebook.com\/profile.php?id=100067773866501\" data-tabs=\"timeline\" data-width=\"340\" data-height=\"500\" data-small-header=\"false\" data-adapt-container-width=\"true\" data-hide-cover=\"false\" data-show-facepile=\"true\">\n<blockquote cite=\"https:\/\/www.facebook.com\/profile.php?id=100067773866501\" class=\"fb-xfbml-parse-ignore\"><p><a href=\"https:\/\/www.facebook.com\/profile.php?id=100067773866501\">PSK Stuttgart &#8211; Esslingen<\/a><\/p><\/blockquote>\n<\/div>\n<p>[\/et_pb_code][\/et_pb_column][\/et_pb_row][\/et_pb_section]<\/p>\n","protected":false},"excerpt":{"rendered":"<p>Historie Noch finden Sie hier fast nur nackte Zahlen und Fakten. Aber vielleicht haben Sie zu den einzelnen Jahren und Personen noch Bilder und Informationen dann melden Sie sich bei uns. 1975 Bildung von Arbeitsgemeinschaften bzw. Kreisreiterverb\u00e4nden auf Anregung der FN Abt. Sport von Dr.Burandt, Rolf Genkinger, Herrmann Schwenk, Hans Hartmann von Thumm und Reitmeister [&hellip;]<\/p>\n","protected":false},"author":1,"featured_media":0,"parent":0,"menu_order":0,"comment_status":"closed","ping_status":"closed","template":"","meta":{"_et_pb_use_builder":"on","_et_pb_old_content":"","_et_gb_content_width":"","_mc_calendar":[],"footnotes":""},"class_list":["post-735","page","type-page","status-publish","hentry"],"_links":{"self":[{"href":"https:\/\/psk-stuttgart-esslingen.de\/psk_wp\/wp-json\/wp\/v2\/pages\/735","targetHints":{"allow":["GET"]}}],"collection":[{"href":"https:\/\/psk-stuttgart-esslingen.de\/psk_wp\/wp-json\/wp\/v2\/pages"}],"about":[{"href":"https:\/\/psk-stuttgart-esslingen.de\/psk_wp\/wp-json\/wp\/v2\/types\/page"}],"author":[{"embeddable":true,"href":"https:\/\/psk-stuttgart-esslingen.de\/psk_wp\/wp-json\/wp\/v2\/users\/1"}],"replies":[{"embeddable":true,"href":"https:\/\/psk-stuttgart-esslingen.de\/psk_wp\/wp-json\/wp\/v2\/comments?post=735"}],"version-history":[{"count":10,"href":"https:\/\/psk-stuttgart-esslingen.de\/psk_wp\/wp-json\/wp\/v2\/pages\/735\/revisions"}],"predecessor-version":[{"id":3441,"href":"https:\/\/psk-stuttgart-esslingen.de\/psk_wp\/wp-json\/wp\/v2\/pages\/735\/revisions\/3441"}],"wp:attachment":[{"href":"https:\/\/psk-stuttgart-esslingen.de\/psk_wp\/wp-json\/wp\/v2\/media?parent=735"}],"curies":[{"name":"wp","href":"https:\/\/api.w.org\/{rel}","templated":true}]}}